2?
65
Convert 55 (base 12) to base 5.
230
Convert 210 (base 4) to base 6.
100
What is -1 (base 15) in base 5?
-1
Convert 4 (base 11) to base 12.
4
What is -10 (base 9) in base 10?
-9
0 (base 5) to base 12
0
1 (base 14) to base 3
1
200 (base 5) to base 14
38
Convert 7 (base 15) to base 2.
111
What is -111 (base 4) in base 9?
-23
Convert -1 (base 7) to base 13.
-1
-444 (base 5) to base 3
-11121
What is -5 (base 6) in base 11?
-5
Convert -100001 (base 2) to base 6.
-53
What is -1d0 (base 14) in base 12?
-276
What is 14 (base 10) in base 8?
16
What is 5 (base 14) in base 12?
5
What is a (base 15) in base 7?
13
a (base 13) to base 2
1010
0 (base 16) to base 12
0
1413 (base 5) to base 8
351
106 (base 14) to base 13
127
What is 0 (base 6) in base 3?
0
What is 3 (base 16) in base 7?
3
96 (base 13) to base 8
173
What is -15 (base 10) in base 5?
-30
What is -42 (base 5) in base 6?
-34
What is 15 (base 14) in base 6?
31
What is 0 (base 5) in base 9?
0
36 (base 7) to base 12
23
What is -7 (base 16) in base 5?
-12
What is -11 (base 7) in base 10?
-8
Convert 1 (base 5) to base 6.
1
What is -25 (base 9) in base 2?
-10111
What is -59 (base 10) in base 14?
-43
What is -22 (base 4) in base 14?
-a
Convert -26 (base 11) to base 4.
-130
-176 (base 15) to base 14
-1a0
What is 4 (base 14) in base 11?
4
-2 (base 5) to base 16
-2
Convert 11101111 (base 2) to base 7.
461
What is 1 (base 13) in base 5?
1
Convert -57 (base 11) to base 8.
-76
What is 29 (base 14) in base 15?
27
4 (base 12) to base 11
4
What is 2 (base 11) in base 13?
2
Convert 10 (base 7) to base 8.
7
What is -8a (base 13) in base 5?
-424
What is 100 (base 5) in base 4?
121
What is 10111001 (base 2) in base 13?
113
10 (base 2) to base 8
2
Convert 1201 (base 3) to base 15.
31
What is -5b (base 14) in base 6?
-213
1 (base 12) to base 7
1
Convert -56 (base 15) to base 9.
-100
Convert -4 (base 7) to base 13.
-4
Convert 8 (base 11) to base 8.
10
-27 (base 9) to base 15
-1a
What is 3 (base 11) in base 8?
3
c2 (base 14) to base 11
145
What is -11 (base 4) in base 6?
-5
Convert -11 (base 2) to base 7.
-3
1000 (base 3) to base 15
1c
What is -6c (base 14) in base 4?
-1200
What is -5 (base 14) in base 7?
-5
Convert -1 (base 6) to base 3.
-1
3 (base 5) to base 16
3
Convert -100100 (base 2) to base 14.
-28
Convert 17 (base 11) to base 13.
15
-1232 (base 4) to base 11
-a0
What is -26 (base 7) in base 6?
-32
-3000 (base 4) to base 2
-11000000
23 (base 4) to base 3
102
-14 (base 16) to base 6
-32
What is 42 (base 16) in base 11?
60
Convert 3 (base 4) to base 6.
3
What is 7 (base 10) in base 15?
7
-36 (base 9) to base 4
-201
What is 3 (base 7) in base 3?
10
What is 9 (base 11) in base 5?
14
2342 (base 5) to base 4
11123
41 (base 15) to base 12
51
What is -1 (base 2) in base 10?
-1
Convert 13 (base 5) to base 3.
22
Convert -1010 (base 3) to base 6.
-50
Convert -6 (base 16) to base 7.
-6
-c (base 16) to base 6
-20
Convert 6 (base 14) to base 10.
6
Convert 8 (base 13) to base 5.
13
Convert -3 (base 9) to base 11.
-3
Convert -315 (base 7) to base 4.
-2133
33 (base 4) to base 8
17
14 (base 8) to base 6
20
What is -17 (base 14) in base 2?
-10101
75 (base 14) to base 10
103
What is -1 (base 9) in base 11?
-1
What is 3 (base 10) in base 6?
3
What is -244 (base 7) in base 10?
-130
What is 6 (base 8) in base 4?
12
Convert 3b (base 13) to base 16.
32
What is -4 (base 6) in base 7?
-4
Convert 86 (base 14) to base 3.
11101
What is d2 (base 14) in base 10?
184
What is -1034 (base 5) in base 14?
-a4
Convert -24 (base 8) to base 2.
-10100
Convert 10 (base 2) to base 12.
2
-3 (base 15) to base 6
-3
Convert 11 (base 13) to base 2.
1110
What is -6 (base 15) in base 11?
-6
Convert -35 (base 7) to base 2.
-11010
12 (base 8) to base 15
a
Convert 116 (base 15) to base 8.
366
5 (base 12) to base 4
11
What is 7 (base 12) in base 10?
7
Convert 42 (base 11) to base 9.
51
444 (base 8) to base 14
16c
What is 2020 (base 3) in base 2?
111100
Convert 34 (base 12) to base 16.
28
-53 (base 14) to base 6
-201
-12 (base 3) to base 7
-5
What is 3 (base 9) in base 4?
3
0 (base 11) to base 6
0
Convert -3 (base 7) to base 4.
-3
What is 1101 (base 4) in base 12?
69
Convert 15 (base 6) to base 4.
23
311 (base 4) to base 11
49
Convert 2 (base 12) to base 14.
2
What is 28 (base 16) in base 14?
2c
Convert -4 (base 7) to base 2.
-100
Convert -1332 (base 4) to base 7.
-240
4 (base 16) to base 8
4
Convert 30 (base 4) to base 7.
15
What is 2 (base 7) in base 16?
2
bd (base 15) to base 12
12a
Convert 193 (base 13) to base 9.
351
-10 (base 2) to base 11
-2
-14 (base 6) to base 5
-20
Convert 50 (base 8) to base 12.
34
Convert -12 (base 14) to base 12.
-14
What is -104 (base 5) in base 9?
-32
30 (base 10) to base 7
42
Convert 113 (base 4) to base 9.
25
What is 4 (base 13) in base 9?
4
What is -32 (base 16) in base 6?
-122
Convert 68 (base 9) to base 14.
46
Convert -2301 (base 4) to base 8.
-261
Convert -81 (base 14) to base 2.
-1110001
What is 43 (base 7) in base 12?
27
What is -1 (base 12) in base 6?
-1
Convert -2 (base 3) to base 16.
-2
What is -17 (base 13) in base 8?
-24
What is 3 (base 12) in base 4?
3
-5 (base 9) to base 6
-5
Convert 7 (base 13) to base 2.
111
What is -123 (base 11) in base 15?
-9b
-14 (base 10) to base 14
-10
What is 10 (base 9) in base 10?
9
8b (base 13) to base 5
430
Convert -19 (base 14) to base 10.
-23
-220 (base 3) to base 5
-44
5 (base 8) to base 6
5
Convert 1 (base 13) to base 2.
1
0 (base 10) to base 15
0
3 (base 13) to base 2
11
What is 3 (base 10) in base 16?
3
Convert 3 (base 15) to base 9.
3
Convert -9c (base 13) to base 2.
-10000001
What is -141 (base 13) in base 12?
-166
What is 2 (base 8) in base 5?
2
-10 (base 2) to base 4
-2
What is -412 (base 5) in base 13?
-83
10 (base 2) to base 5
2
Convert -1 (base 7) to base 4.
-1
Convert 3 (base 7) to base 14.
3
What is 4 (base 11) in base 6?
4
What is 461 (base 7) in base 12?
17b
Convert 5 (base 12) to base 8.
5
7 (base 9) to base 3
21
-1 (base 8) to base 10
-1
5 (base 6) to base 13
5
What is -11 (base 2) in base 4?
-3
Convert -a5 (base 12) to base 7.
-236
120 (base 3) to base 10
15
Convert -1 (base 7) to base 6.
-1
1 (base 10) to base 7
1
Convert -3 (base 7) to base 12.
-3
Convert 1 (base 10) to base 7.
1
What is 1234 (base 5) in base 3?
21012
What is 302 (base 5) in base 2?
1001101
What is -1101110 (base 2) in base 6?
-302
What is 1 (base 15) in base 7?
1
Convert -2 (base 8) to base 9.
-2
Convert -11011001 (base 2) to base 10.
-217
Convert -112 (base 3) to base 9.
-15
Convert -40 (base 5) to base 15.
-15
Convert 25 (base 16) to base 3.
1101
Convert -4 (base 13) to base 10.
-4
What is -3 (base 13) in base 8?
-3
Convert 12 (base 9) to base 14.
b
-31 (base 8) to base 4
-121
What is 3 (base 12) in base 16?
3
Convert -9 (base 12) to base 9.
-10
1100 (base 3) to base 5
121
What is 1 (base 14) in base 2?
1
Convert -5 (base 9) to base 8.
-5
-107 (base 9) to base 4
-1120
What is 38 (base 13) in base 2?
101111
Convert 10000 (base 2) to base 9.
17
-10000001 (base 2) to base 8
-201
0 (base 9) to base 7
0
Convert 10 (base 13) to base 6.
21
Convert -8 (base 13) to base 4.
-20
-3 (base 12) to base 4
-3
-1422 (base 5) to base 14
-12d
Convert -9 (base 12) to base 15.
-9
6 (base 16) to base 3
20
3 (base 12) to base 7
3
-2012 (base 3) to base 8
-73
What is 4 (base 12) in base 6?
4
Convert 4 (base 16) to base 4.
10
What is -401 (base 6) in base 4?
-2101
c (base 15) to base 13
c
-66 (base 11) to base 9
-80
26 (base 13) to base 15
22
55 (base 7) to base 10
40
Convert 3 (base 12) to base 3.
10
What is -181 (base 10) in base 7?
-346
What is a (base 16) in base 13?
a
Convert 118 (base 10) to base 13.
91
-101 (base 2) to base 11
-5
11 (base 3) to base 15
4
-331 (base 6) to base 12
-a7
What is -1 (base 16) in base 7?
-1
Convert -10 (base 11) to base 3.
-102
What is 120 (base 3) in base 16?
f
3014 (base 5) to base 10
384
Convert -c (base 16) to base 11.
-11
What is -100000101 (base 2) in base 5?
-2021
-17 (base 13) to base 10
-20
-11010100 (base 2) to base 15
-e2
What is 1 (base 7) in base 11?
1
Convert 47 (base 10) to base 11.
43
What is -412 (base 5) in base 3?
-10222
What is -10 (base 2) in base 12?
-2
2 (base 6) to base 13
2
What is -3 (base 15) in base 6?
-3
What is -2 (base 9) in base 6?
-2
-162 (base 7) to 